{"id":282,"date":"2011-11-23T14:33:54","date_gmt":"2011-11-23T14:33:54","guid":{"rendered":"http:\/\/www.csfaure.net\/informatique\/?page_id=282"},"modified":"2011-11-23T14:46:52","modified_gmt":"2011-11-23T14:46:52","slug":"logiciels-educatifs-ou-dapprentissage","status":"publish","type":"page","link":"https:\/\/www.csfaure.net\/informatique\/logiciels-multisystemes\/logiciels-educatifs-ou-dapprentissage\/","title":{"rendered":"Logiciels \u00e9ducatifs ou d&rsquo;apprentissage"},"content":{"rendered":"<h2><span style=\"color: #3366ff;\"><strong>FlashQard : apprentissage par m\u00e9morisation<\/strong><\/span><\/h2>\n<p>Logiciel con\u00e7u pour l&rsquo;apprentissage bas\u00e9 sur le syst\u00e8me Leitner.<\/p>\n<p>Cette m\u00e9thode utilise les flashcards qui permettent d&rsquo;apprendre vocabulaire, dates ou encore formules.<\/p>\n<p><em>Article lu dans Linux Pratique N\u00b057<\/em><\/p>\n<p><a title=\"FlashQard\" href=\"http:\/\/flashqard-project.org\/index.php\" target=\"_blank\">http:\/\/flashqard-project.org\/index.php<\/a><\/p>\n<p>&nbsp;<\/p>\n<h2><span style=\"color: #3366ff;\">Geometria<\/span><\/h2>\n<p>Logiciel de g\u00e9om\u00e9trie interactive qui permet de cr\u00e9er des probl\u00e8mes et des solutions impliquant la g\u00e9om\u00e9trie des solides.<\/p>\n<p><em>Article \u00e0 lire sur Linux Pratique N\u00b0 57<\/em><\/p>\n<p>Adresse du site : <a title=\"Geometria\" href=\"http:\/\/geocentral.net\/geometria\/fr\/\" target=\"_blank\">http:\/\/geocentral.net\/geometria\/fr\/<\/a><\/p>\n","protected":false},"excerpt":{"rendered":"<p>FlashQard : apprentissage par m\u00e9morisation Logiciel con\u00e7u pour l&rsquo;apprentissage bas\u00e9 sur le syst\u00e8me Leitner. Cette m\u00e9thode utilise les flashcards qui permettent d&rsquo;apprendre vocabulaire, dates ou encore formules. Article lu dans Linux Pratique N\u00b057 http:\/\/flashqard-project.org\/index.php &nbsp; Geometria Logiciel de g\u00e9om\u00e9trie interactive &hellip; <a href=\"https:\/\/www.csfaure.net\/informatique\/logiciels-multisystemes\/logiciels-educatifs-ou-dapprentissage\/\">Continuer la lecture <span class=\"meta-nav\">&rarr;<\/span><\/a><\/p>\n","protected":false},"author":1,"featured_media":0,"parent":276,"menu_order":0,"comment_status":"open","ping_status":"open","template":"","meta":{"footnotes":""},"class_list":["post-282","page","type-page","status-publish","hentry"],"_links":{"self":[{"href":"https:\/\/www.csfaure.net\/informatique\/wp-json\/wp\/v2\/pages\/282","targetHints":{"allow":["GET"]}}],"collection":[{"href":"https:\/\/www.csfaure.net\/informatique\/wp-json\/wp\/v2\/pages"}],"about":[{"href":"https:\/\/www.csfaure.net\/informatique\/wp-json\/wp\/v2\/types\/page"}],"author":[{"embeddable":true,"href":"https:\/\/www.csfaure.net\/informatique\/wp-json\/wp\/v2\/users\/1"}],"replies":[{"embeddable":true,"href":"https:\/\/www.csfaure.net\/informatique\/wp-json\/wp\/v2\/comments?post=282"}],"version-history":[{"count":3,"href":"https:\/\/www.csfaure.net\/informatique\/wp-json\/wp\/v2\/pages\/282\/revisions"}],"predecessor-version":[{"id":284,"href":"https:\/\/www.csfaure.net\/informatique\/wp-json\/wp\/v2\/pages\/282\/revisions\/284"}],"up":[{"embeddable":true,"href":"https:\/\/www.csfaure.net\/informatique\/wp-json\/wp\/v2\/pages\/276"}],"wp:attachment":[{"href":"https:\/\/www.csfaure.net\/informatique\/wp-json\/wp\/v2\/media?parent=282"}],"curies":[{"name":"wp","href":"https:\/\/api.w.org\/{rel}","templated":true}]}}